e 174 = 4*c - h, 3*c - a = 3*h + f. Calculate the highest common divisor of c and 22.
22
Suppose 82 = 2*s - 12. Suppose s = 2*n - g, -2*n + 9*g = 4*g - 67. What is the greatest common divisor of 14 and n?
7
Let s(l) = l**3 - 2*l**2 + 209. Let w be s(0). Calculate the greatest common divisor of 19 and w.
19
Suppose 0*w + 4*w - 504 = 0. Let z(m) = -m**3 + 8*m**2 - 7*m - 12. Let k = 41 + -35. Let d be z(k). What is the greatest common divisor of w and d?
18
Let l = -86 - -124. Let r = 119 - l. Calculate the highest common factor of 18 and r.
9
Suppose 2*u + 5*w = 141, 2*w - 23 = 4*u - 245. What is the highest common divisor of 203 and u?
29
Let q(i) = -i. Let m be q(-3). Let w(d) = d**2 - 4*d + 2. Let l be w(m). Let p be (18 + 0)/(l + 2). What is the greatest common factor of 36 and p?
18
Let b be (-2)/(-4) + (-78)/(-4). Let k = 52 + -47. Calculate the greatest common factor of b and k.
5
Let i be -6 + 6/(-3) + 0. Let q be ((-1)/1)/(1/i). Suppose -2*d = -2*g - 2, d - 2*g = 2*d - 10. What is the greatest common factor of d and q?
4
Suppose m + 5*d = -3*m + 127, 3*d - 37 = -m. What is the highest common factor of m and 8?
4
Let a(i) = 5*i - 130. Let f be a(37). What is the greatest common factor of 319 and f?
11
Let s be (-4 - -2*3) + 184. Let l = s - 60. Calculate the highest common divisor of l and 18.
18
Let c be 8/12 + 2576/24 + 8. What is the greatest common divisor of 1566 and c?
58
Let a = 976 + -931. Let z(g) = 0*g**2 - 3*g**2 + 0*g**3 + g**3 + 4*g - 2. Let d be z(4). Calculate the highest common factor of d and a.
15
Suppose 62 = 5*h - 23. Let p = -6184 + 6235. Calculate the highest common factor of h and p.
17
Let c = -51 - -53. What is the highest common divisor of 18 and c?
2
Suppose 19*n - 8960 = -37*n. Calculate the highest common factor of n and 270.
10
Let q = -94 + 190. Calculate the highest common factor of 12 and q.
12
Suppose 12*o = 989 + 2275. What is the greatest common divisor of o and 17?
17
Suppose 4*i - 7*i + 24 = 0. Suppose -15 = -5*v + 5. Calculate the highest common factor of i and v.
4
Let g(s) = -13*s + 442. Let t be g(5). What is the greatest common factor of t and 87?
29
Suppose -16*z = -z - 135. What is the greatest common divisor of z and 99?
9
Let s(a) = a**3 - 6*a**2 + 5*a + 3. Let r be s(5). Suppose -2*g + 5*n + 30 = 0, -475*n = -3*g - 480*n + 45. Calculate the greatest common divisor of g and r.
3
Let q be ((-7)/(-35) - 1/5) + -31. Let o = -29 - q. What is the greatest common factor of o and 6?
2
Let m = -129 - -132. Calculate the greatest common divisor of m and 597.
3
Let x(r) = 5*r - 1. Let d be x(1). Suppose 0 = -d*k + 162 - 58. Suppose 3*t - 3*f + 2 = 26, -2*t = -4*f - k. What is the greatest common factor of 24 and t?
3
Let x be 1/((-10)/((-39360)/12)). Calculate the greatest common factor of x and 16.
8
Let y be 0*(2 - (-1 - -2)). Let h = y + 5. Calculate the greatest common divisor of h and 45.
5
Let c(j) = -3*j + 50. Suppose 2*l + 6 = -i + 12, 12 = 4*i + 4*l. Let q be c(i). What is the greatest common divisor of q and 10?
10
Let z(w) = -w**2 + 2*w + 230. Let g be z(0). Suppose g = 4*y - 2*y. Calculate the highest common factor of y and 46.
23
Suppose -3*o + 41 + 50 = 5*a, 3*o - 6 = 0. Suppose -62*g + 60*g = -3*i + 459, i + 3*g - 153 = 0. Calculate the highest common divisor of a and i.
17
Let n(v) = 2*v - 7. Let u be n(6). Suppose -2*s = -5*l + 120, 2*l = 3*s - u + 53. Let h be 32/6*27/4. What is the highest common factor of h and l?
12
Let g(k) = -k**2 - 7*k + 9. Let v be g(6). Suppose 5*c = -0*c + 525. Let m = v + c. Calculate the greatest common factor of 18 and m.
18
Suppose 5*q = 10, -3*v + 57 = -q + 140. Let k = v + 28. Calculate the greatest common factor of 9 and k.
1
Let k be 5*(0 + 57/5). Let v = -104 - -155. Suppose -7*h + k = 3*o - 4*h, -3*h - v = -3*o. Calculate the highest common divisor of 45 and o.
9
Let x(o) = 254*o + 262. Let p be x(6). Calculate the highest common divisor of p and 94.
94
Suppose 0 = 5*k + 5, 1 = -3*b - 2*k - 4. Let f = 1 + b. Suppose f = c - 6 - 12. What is the highest common factor of c and 45?
9
Suppose 0 = 3*c + 4*d + 455, -2*d + 75 = 4*c + 695. Let o = c + 223. Suppose -b = -4*b + o. Calculate the highest common divisor of b and 55.
11
Let d be (10/(-15))/((-4)/90) + -1. Calculate the highest common factor of 133 and d.
7
Suppose 20*i = 34*i - 182. Let u = 164 + -21. Calculate the greatest common divisor of u and i.
13
Suppose -11*o + 7*o = 3*k - 304, 0 = -o - k + 76. Calculate the greatest common factor of 8 and o.
4
Let t = 3 - -17. What is the greatest common factor of t and 20?
20
Suppose 0 = -3*n - 4*d + 26, 2*d - 33 = -4*n - 3*d. Let b be (-30)/(-12) + n/4. Let g be -2 + 3/(-1)*-1. Calculate the greatest common factor of g and b.
1
Let b = 33 + -31. Let g(x) = -3*x + b*x - 7 - x + 0*x. Let d be g(-8). What is the greatest common divisor of d and 45?
9
Suppose 0 = -r - 3*s + 113 - 14, 4*r - 424 = -5*s. Suppose 3*h = -i - h + 32, h = 4*i - r. Calculate the greatest common divisor of i and 42.
14
Let b be 12 + -2 - (-9 - (-3 + -1)). Calculate the highest common factor of 165 and b.
15
Let f(u) = 6*u**2 + u - 53. Let j be f(-7). What is the greatest common factor of j and 39?
39
Suppose 3*k - 3*y + 9 = 27, k - 2*y = 10. Calculate the highest common divisor of 62 and k.
2
Suppose 5*t + 554 = 3*g + t, 0 = -2*g - 5*t + 400. Suppose 176*w - 9523 = 3853. What is the highest common factor of g and w?
38
Let v be 3/(6/(-91)*(-28)/176). What is the highest common factor of 22 and v?
22
Suppose 4*q + 2*o = -35 + 7, 2*q = -3*o - 22. Let f = q - -7. What is the highest common divisor of 10 and f?
2
Let t(n) = 2*n**3 + 25*n**2 - 43*n - 12. Let a be t(-14). Suppose 0 = 4*h - 5*l, -4*h - 2*l + 12 = -4*l. What is the highest common factor of h and a?
1
Suppose -3*q + 46 = c, 5*q + 2*c = -3*c + 80. Let i = -13 + q. Let v(n) = n**3 - n**2 - 1. Let k be v(i). What is the highest common factor of k and 1?
1
Let t be -3 + (-4)/8*-54. What is the highest common factor of t and 204?
12
Let u be 133/(-9) - (-2)/(-9). Let w be 50/u*-6 - 0. What is the highest common divisor of 80 and w?
20
Let q be 8040/1206*-3*(-1)/2. Calculate the greatest common divisor of q and 2240.
10
Let r = 310 - -93. What is the highest common divisor of 31 and r?
31
Let b be (-13 - -18)/((-20)/(-468)). Calculate the greatest common divisor of 741 and b.
39
Suppose -4*s - 7 = -15. Let o(w) = 6*w**3 + w**2 + 2*w - 6. Let a be o(s). Calculate the highest common divisor of a and 125.
25
Let g be ((-60)/9 - 3)*-3. Suppose 4*m + p + 41 = 0, p + 2*p - 21 = 4*m. Let s be 2/m + g/9. What is the highest common factor of s and 15?
3
Suppose x - u - 10 = 0, 5*x + 5*u - 58 - 42 = 0. Let w be 3/((-18)/x)*(-84)/10. Calculate the highest common divisor of w and 63.
21
Suppose -105 + 12 = -3*n. Let t = 93 + -88. Suppose 2*q + 23 = t*b, 0 = -2*b + 5*q - 5 + n. What is the greatest common divisor of 24 and b?
3
Suppose 2*g - 16 = -g - 5*m, 0 = 3*g - m - 4. Let c(t) = -5 + 1 + 2*t**g + 17*t + 15. Let q be c(-9). What is the greatest common factor of 5 and q?
5
Let i be 4/12*(128 - 8). Calculate the greatest common divisor of 190 and i.
10
Let p be (-453)/(-7) + (-14)/(-49). Suppose 0*q - 5*q = -p. Calculate the greatest common factor of q and 39.
13
Suppose v = -s + 103, 5*v - v = 3*s + 398. Let z = v - 76. What is the greatest common divisor of 10 and z?
5
Suppose 1196 = -263*k + 267*k. Calculate the highest common factor of k and 92.
23
Let n = 3 - -3. Let a = n + 11. Suppose -5*t = -a - 3. Calculate the greatest common factor of 1 and t.
1
Suppose 4 = -4*z + 16. Suppose 2*j - z = 5*x + 23, -3*j + 62 = 4*x. Suppose -105 = 13*w - j*w. Calculate the highest common divisor of 14 and w.
7
Let q(k) = -k**2 - 22*k + 59. Let t be q(-23). What is the highest common divisor of t and 288?
36
Let n = 821 + -736. Calculate the highest common factor of 1360 and n.
85
Let f = -53 - -57. Suppose -s + 3 = f*k, 3*s + 3*k - 100 = -2*s. What is the greatest common divisor of 23 and s?
23
Let d(z) = 19*z**2 + 19*z - 22. Let w be d(1). Suppose 0*y - 16 = 4*y. Let m = y - -8. Calculate the greatest common divisor of m and w.
4
Let y(g) = 14 - 2*g**2 + g**3 + 10*g + 6*g**2 + 4*g**2. Let n be y(-6). What is the highest common divisor of 26 and